et r(j) = -j**3 - 13*j**2 - 5*j - 69. What is r(-13)?
-4
Let f(o) = -o**2 - 4*o - 4. Give f(-4).
-4
Let k(o) = -o**3 + 18*o**2 - 16*o + 1. Give k(17).
18
Let w(h) = h**3 - 8*h**2 + 5*h + 8. Calculate w(7).
-6
Let z(i) = i**3 + 16*i**2 + 28*i + 6. What is z(-14)?
6
Let v(k) = -k**3 + 11*k**2 - 10*k - 5. Calculate v(10).
-5
Let h(s) = -s**3 - 12*s**2 - 13*s - 18. Determine h(-11).
4
Let p(z) = z**3 + 6*z**2 + z - 4. Calculate p(-6).
-10
Let u(g) = -g - 3. What is u(9)?
-12
Let k(y) = -y - 3. Calculate k(-13).
10
Let f(j) = -j + 33. Determine f(0).
33
Let y(w) = 2*w + 4. Determine y(-10).
-16
Let n(d) = 24*d + 241. Calculate n(-10).
1
Let o(i) = 7*i - 8. What is o(0)?
-8
Let q(k) = -3*k + 42. Determine q(13).
3
Let t(h) = -h**3 + 45*h**2 - 125*h - 37. Determine t(42).
5
Let w(m) = -m - 11. Calculate w(-21).
10
Let g(b) = 5*b**2 - 4*b + 1. Give g(3).
34
Let k(h) = h**2 - 11*h + 18. What is k(6)?
-12
Let v(t) = t**3 - 6*t**2 - 17*t - 3. Calculate v(8).
-11
Let k(h) = h**3 - 13*h**2 + 24*h - 27. Calculate k(11).
-5
Let d(c) = 3*c + 1. Calculate d(7).
22
Let b(s) = 2*s + 22. Give b(0).
22
Let r(v) = -120*v**3 + v**2 - 1. What is r(-1)?
120
Let f(i) = -i**2 + 2*i + 3. Give f(-2).
-5
Let q(n) = -n**3 - 7*n**2 - 6*n - 9. Calculate q(-6).
-9
Let u(q) = -78*q - 230. Give u(-3).
4
Let a(v) = 5*v**2 - 12*v + 13. Determine a(1).
6
Let f(t) = -3*t + 148. What is f(50)?
-2
Let n(y) = -y**2 - 11*y - 2. Calculate n(-10).
8
Let y(z) = z**3 + 16*z**2 - z - 6. What is y(-16)?
10
Let o(y) = 60*y - 230. Calculate o(4).
10
Let o(v) = -v**2 + 6*v - 13. Determine o(8).
-29
Let b(a) = -5*a**2 + 38*a - 1. What is b(9)?
-64
Let k(h) = h**3 - 10*h**2 + 12*h - 3. What is k(9)?
24
Let w(t) = 3*t**3 + 31*t**2 - 24*t. Give w(-11).
22
Let t(m) = 6*m - 216. Determine t(35).
-6
Let o(w) = 9*w**2 - 77*w + 11. What is o(8)?
-29
Let h(d) = 3*d + 33. Determine h(-12).
-3
Let v(o) = 6*o**3 + 2*o**2 + 2*o + 1. What is v(-1)?
-5
Let n(j) = -2*j**2 + 26*j. What is n(13)?
0
Let w(l) = -7*l**3 + 4*l**2 - 3*l - 2. Determine w(2).
-48
Let q(z) = -z**3 + 18*z**2 + 22*z - 55. Determine q(19).
2
Let z(s) = s**3 + 14*s**2 + 14*s - 29. Give z(-12).
91
Let h(t) = -3*t + 4. Calculate h(0).
4
Let g(p) = 4*p**2 - 72*p + 5. What is g(18)?
5
Let o(c) = 3*c**2 - 5*c - 3. Give o(-3).
39
Let z(n) = 3*n + 30. What is z(-7)?
9
Let x(n) = n**3 - 47*n**2 + 480*n + 6. Give x(32).
6
Let v(k) = k**2 - 4*k - 1. Give v(5).
4
Let h(k) = k**3 + 15*k**2 + 58*k + 5. Calculate h(-8).
-11
Let m(z) = z - 2. Give m(-11).
-13
Let g(w) = 2*w**2 - 19*w + 63. Determine g(4).
19
Let n(v) = v**3 - 11*v**2 + 15*v - 20. Give n(9).
-47
Let o(r) = -r - 13. What is o(-11)?
-2
Let f(t) = 2*t + 1. Calculate f(12).
25
Let b(j) = -19*j - 527. Determine b(-28).
5
Let s(o) = o**2 + 15*o + 12. Calculate s(-20).
112
Let k(d) = 3*d - 12. Determine k(7).
9
Let o(r) = -3*r**2 - 8. What is o(-5)?
-83
Let j(k) = k**3 - 6*k**2 + k + 21. Determine j(5).
1
Let s(y) = 17*y**2 + 117*y - 21. Determine s(-7).
-7
Let l(i) = i**2 + 27*i - 76. Give l(-29).
-18
Let u(z) = -7*z + 5. Determine u(-4).
33
Let y(h) = 34*h + 617. Calculate y(-18).
5
Let n(s) = s - 9. Calculate n(14).
5
Let w(k) = -10*k + 9. Determine w(7).
-61
Let c(v) = 2*v + 13. Give c(-9).
-5
Let p(u) = -u**3 + 7*u**2 + 6*u - 5. What is p(4)?
67
Let i(q) = 24*q**2 + 4*q + 3. Determine i(-1).
23
Let m(w) = 2*w - 6. What is m(-3)?
-12
Let p(a) = 8*a - 170. Calculate p(21).
-2
Let n(l) = 4*l**2 + l + 1. Determine n(-1).
4
Let d(n) = -n**2 - 29*n + 4. What is d(0)?
4
Let r(f) = 4*f - 1. Calculate r(0).
-1
Let y(t) = -t**3 + 22*t**2 + 49*t - 25. Determine y(24).
-1
Let c(o) = 3*o + 18. What is c(-8)?
-6
Let y(p) = p**3 + 9*p**2 + 11*p + 20. Determine y(-8).
-4
Let r(k) = 29*k**3 + k**2 + k - 1. Calculate r(1).
30
Let a(h) = -79*h**3 - 2*h**2 + 3*h - 2. Calculate a(1).
-80
Let c(r) = 2*r**3 + 17*r**2 + 3*r - 11. What is c(-8)?
29
Let s(i) = -i**3 - 96*i**2 + 101*i + 390. Determine s(-97).
2
Let b(s) = s**3 - 5*s**2 + 6. Determine b(6).
42
Let z(s) = -s**3 + 6*s**2 - 3*s - 4. Calculate z(3).
14
Let j(y) = -y**3 - 18*y**2 - 3. Determine j(-18).
-3
Let n(w) = -2*w**2 + 30*w + 16. Determine n(17).
-52
Let y(z) = -6*z - 71. Calculate y(-10).
-11
Let s(o) = 11*o + 1. Give s(-2).
-21
Let z(w) = 4*w - 11. Calculate z(0).
-11
Let i(q) = q**3 - 12*q**2 - 29*q - 14. Give i(14).
-28
Let j(w) = w**3 + 4*w**2 - 4*w. Calculate j(-4).
16
Let d(s) = -2*s**2 - 8*s - 10. What is d(-5)?
-20
Let a(w) = -w**3 - 7*w**2 + 9*w - 11. Determine a(-8).
-19
Let m(y) = -y**3 + 5*y**2 - y - 3. Give m(4).
9
Let f(w) = -5*w**3 + w. Give f(-1).
4
Let f(v) = v**3 - 6*v**2 + 4*v - 4. Calculate f(6).
20
Let k(m) = -5*m - 7. Give k(-6).
23
Let u(m) = -m - 22. Calculate u(4).
-26
Let m(x) = -x. What is m(5)?
-5
Let s(g) = -g**3 + g**2 + g + 1. Determine s(2).
-1
Let u(k) = -23*k + 299. Give u(13).
0
Let f(i) = i**2 + 7*i + 13. Calculate f(-6).
7
Let d(v) = 2*v**2 - 34*v - 5. Give d(17).
-5
Let w(g) = g**3 - 37*g**2 - 82*g + 156. Calculate w(39).
0
Let t(q) = 6*q - 6. Determine t(9).
48
Let j(h) = -15*h**2 - h + 1. Give j(1).
-15
Let k(j) = -j + 1. What is k(9)?
-8
Let s(b) = -35*b + 208. Give s(6).
-2
Let o(q) = 3*q + 102. What is o(-17)?
51
Let h(s) = s**3 + 6*s**2 + 7*s - 3. Determine h(-4).
1
Let c(l) = -5*l**3 - 6*l**2 + 22*l + 5. What is c(3)?
-118
Let z(n) = n**2 - 10*n - 13. Calculate z(10).
-13
Let z(l) = -65*l - 3. Determine z(-1).
62
Let y(h) = -22*h**2 + 4*h + 9. Calculate y(-2).
-87
Let f(q) = 2*q - 41. Give f(11).
-19
Let x(f) = f**3 - 3*f**2 + 2*f + 1. Determine x(3).
7
Let w(k) = k**2 - 10*k + 9. Determine w(12).
33
Let w(y) = y**2 - 2. Determine w(0).
-2
Let y(b) = b**2 + 10*b + 1. Give y(-5).
-24
Let p(m) = -3*m**3 - 47*m**2 + 16*m - 6. Give p(-16).
-6
Let x(q) = -q**3 + 8*q**2 - 1. Calculate x(8).
-1
Let f(j) = j**3 - 9*j**2 + 13*j - 4. What is f(7)?
-11
Let r(o) = -22*o - 589. Give r(-27).
5
Let l(h) = -h**3 - 8*h**2 + 12*h - 1. Determine l(-10).
79
Let q(a) = 15*a + 2. Give q(1).
17
Let l(f) = -f - 3. Give l(-7).
4
Let u(t) = 2*t**2 + 28*t + 1. Calculate u(-14).
1
Let n(k) = 2*k**2 - 10*k + 32. Calculate n(4).
24
Let i(w) = w**2 + 17*w + 10. Calculate i(-16).
-6
Let m(n) = -n**2 - 11*n - 1. What is m(-9)?
17
Let p(h) = h**3 - 5*h**2 - 2*h - 4. Determine p(6).
20
Let c(l) = l**3 - 7*l**2 - 2. Give c(7).
-2
Let q(l) = 5*l + 3. Calculate q(-8).
-37
Let z(t) = t**3 - 2*t**2 - 6*t + 2. What is z(3)?
-7
Let u(l) = -5*l - 9. Give u(-4).
11
Let v(x) = -x**2 - 9*x - 13. Determine v(-8).
-5
Let a(l) = -l**2 - 4*l - 3. What is a(4)?
-35
Let h(q) = -q**3 + 4*q**2 - 12. Give h(3).
-3
Let o(k) = k**3 - 2*k**2 + 2*k + 3. Determine o(3).
18
Let r(w) = -w**3 - 7*w**2 + w + 1. Determine r(-7).
-6
Let v(y) = -y**3 - 3*y**2 + 6*y + 6. What is v(-4)?
-2
Let v(m) = 59*m**3 + m**2. What is v(1)?
60
Let i(y) = -y**3 - 19*y**2 + 21*y + 23. What is i(-20)?
3
Let x(v) = -v**2 + 15. Give x(0).
15
Let p(w) = -w - 3. Determine p(-5).
2
Let x(r) = -13*r**3 + r**2 + r + 1. Determine x(-1).
14
Let c(a) = 2*a + 43. Give c(-20).
3
Let s(p) = 2*p**2 + 11*p - 65. Give s(5).
40
Let u(r) = -8*r - 11. Calculate u(-4).
21
Let t(i) = i**3 + 21*i**2 + 16*i - 75. What is t(-20)?
5
Let g(h) = -h**3 + h**2 + 2*h - 1. Give g(-2).
7
Let c(z) = 2*z - 8. What is c(16)?
24
Let h(o) = -49*o**3 + 2*o**2 - 2*o + 1. Determine h(1).
-48
Let p(x) = x**2 - 9*x - 11. Calculate p(8).
-19
Let g(o) = -o**3 + 6*o**2 + 7*o + 8. What is g(7)?
8
Let x(m) = m - 26. Determine x(21).
-5
Let s(a) = 2*a + 6. Give s(-1).
4
Let f(k) = k**3 - 8*k**2 + 7*k - 6. Determine f(7).
-6
Let z(p) = -p**2 - 4*p - 1. Calculate z(0).
-1
Let s(r) = -r + 39. Calculate s(24).
15
Let f(q) = q**2 + q - 2. Determine f(0).
-2
Let j(h) = h**2 + h - 25. What is j(0)?
-25
Let x(r) = -r**3 - 5*r**2 - 5*r + 2. Give x(-4).
6
Let m(b) = -4*b - 41. What is m(-15)?
19
Let j(o) = -o**2 + 17*o - 7. Give j(16).
9
Let l(p) = -p**3 - 7*p**2 - p + 20. Determine l(-4).
-24
Let z(l) = l**3 - 10*l**2 - 17*l + 163. Give z(10).
-7
Let x(y) = 12*y - 5. Calculate x(-9).
-113
Let u(f) = f**3 + 6*f**2 + 2*f + 5. Determine u(-5).
20
Let f(c) = -c**3 + 6*c**2 + 5*c + 12. Determine f(7).
-2
Let f(r) = r**2 - 10. Calculate f(6).
26
Let f(o) = 2*o**2 + 16*o + 10. Calculate f(-9).
28
Let c(u) = 4*u - 34. Determine c(12).
14
Let f(l) 